{"id":806,"date":"2017-12-29T18:37:43","date_gmt":"2017-12-29T17:37:43","guid":{"rendered":"http:\/\/www.birgitramsauer.net\/mbr\/?page_id=806"},"modified":"2018-01-02T14:14:05","modified_gmt":"2018-01-02T13:14:05","slug":"maulwurfe-munchen-berlin","status":"publish","type":"page","link":"http:\/\/www.birgitramsauer.net\/mbr\/art\/performances\/maulwurfe-munchen-berlin\/","title":{"rendered":"Maulw\u00fcrfe, M\u00fcnchen, Berlin"},"content":{"rendered":"<h4>Maulw\u00fcrfe M\u00fcnchen und Berlin<\/h4>\n<p>&nbsp;<\/p>\n<p><a href=\"https:\/\/www.artipool.de\/ausstellungansicht.cfm?ausstellungsid=21424#hierhin\" target=\"_blank\" rel=\"noopener\"><img loading=\"lazy\" class=\"alignnone wp-image-808\" src=\"http:\/\/www.birgitramsauer.net\/mbr\/wp-content\/uploads\/Maulwuerfe_Arthies.jpg\" alt=\"\" width=\"279\" height=\"185\" srcset=\"http:\/\/www.birgitramsauer.net\/mbr\/wp-content\/uploads\/Maulwuerfe_Arthies.jpg 600w, http:\/\/www.birgitramsauer.net\/mbr\/wp-content\/uploads\/Maulwuerfe_Arthies-300x199.jpg 300w\" sizes=\"(max-width: 279px) 100vw, 279px\" \/><\/a><\/p>\n<p>weiter&#8230;<\/p>\n<p>&nbsp;<\/p>\n<p><a href=\"https:\/\/www.artipool.de\/ausstellungansicht.cfm?ausstellungsid=21424#hierhin\" target=\"_blank\" rel=\"noopener\">Maulw\u00fcrfe, Arthiess M\u00fcnchen<\/a><\/p>\n<p><a href=\"https:\/\/venyoo.de\/veranstaltung\/s133083-birgit-ramsauer-maulwuerfe-koerperinterventionen-in-architektur\" target=\"_blank\" rel=\"noopener\">Maulw\u00fcrfe, Galerie Open, Berlin<\/a><\/p>\n","protected":false},"excerpt":{"rendered":"<p>Maulw\u00fcrfe M\u00fcnchen und Berlin &nbsp; weiter&#8230; &nbsp; Maulw\u00fcrfe, Arthiess M\u00fcnchen Maulw\u00fcrfe, Galerie Open, Berlin<\/p>\n","protected":false},"author":2,"featured_media":0,"parent":54,"menu_order":1060,"comment_status":"closed","ping_status":"closed","template":"text-mitte.php","meta":{"ngg_post_thumbnail":0,"_links_to":"","_links_to_target":""},"_links":{"self":[{"href":"http:\/\/www.birgitramsauer.net\/mbr\/wp-json\/wp\/v2\/pages\/806"}],"collection":[{"href":"http:\/\/www.birgitramsauer.net\/mbr\/wp-json\/wp\/v2\/pages"}],"about":[{"href":"http:\/\/www.birgitramsauer.net\/mbr\/wp-json\/wp\/v2\/types\/page"}],"author":[{"embeddable":true,"href":"http:\/\/www.birgitramsauer.net\/mbr\/wp-json\/wp\/v2\/users\/2"}],"replies":[{"embeddable":true,"href":"http:\/\/www.birgitramsauer.net\/mbr\/wp-json\/wp\/v2\/comments?post=806"}],"version-history":[{"count":10,"href":"http:\/\/www.birgitramsauer.net\/mbr\/wp-json\/wp\/v2\/pages\/806\/revisions"}],"predecessor-version":[{"id":993,"href":"http:\/\/www.birgitramsauer.net\/mbr\/wp-json\/wp\/v2\/pages\/806\/revisions\/993"}],"up":[{"embeddable":true,"href":"http:\/\/www.birgitramsauer.net\/mbr\/wp-json\/wp\/v2\/pages\/54"}],"wp:attachment":[{"href":"http:\/\/www.birgitramsauer.net\/mbr\/wp-json\/wp\/v2\/media?parent=806"}],"curies":[{"name":"wp","href":"https:\/\/api.w.org\/{rel}","templated":true}]}}