{"id":116,"date":"2016-08-27T14:24:15","date_gmt":"2016-08-27T12:24:15","guid":{"rendered":"http:\/\/www.birgitramsauer.net\/mbr\/?page_id=116"},"modified":"2025-08-05T12:28:37","modified_gmt":"2025-08-05T10:28:37","slug":"news","status":"publish","type":"page","link":"http:\/\/www.birgitramsauer.net\/mbr\/news\/","title":{"rendered":"News"},"content":{"rendered":"\n<h4>Aktuelle Termine und Neuigkeiten<\/h4>\n\n\n<p>&nbsp;<\/p>\n<h1><strong>Ausstellung \u201e\u2026.after\u2026after\u2026\u201c<\/strong><\/h1>\n<h4>&nbsp;<\/h4>\n<h4>15. August bis 18. Oktober<br \/>Villa Ichon, Goetheplatz 4,  Bremen <\/h4>\n<p>&nbsp;<\/p>\n<p><strong>Er\u00f6ffnung: Freitag, 15. August  2025<br \/>\nUhrzeit: 18:00 <\/strong><br \/>\nEr\u00f6ffnungsrede: Libuse Cerna, Leiterin globale, Festival f\u00fcr grenz\u00fcberschreitende Literatur, Bremen<br \/>\nMusik:  \u201eNoch unter dem Eindruck der nur 3 Jahre zur\u00fcckliegenden Menschheitskatastrophe des 2. Weltkriegs schrieb Hero Folkerts 1948   die Sonate op.28 f\u00fcr Violine solo, Es spielt Ihno Tjark Folkerts<br \/>\n<strong>Finissage: 18. Oktober<\/strong><\/p>\n<p><a href=\"https:\/\/www.villa-ichon.de\/kalender\/ausstellung-afterafter-von-birgit-ramsauer\/\" target=\"_blank\" rel=\"noopener\">Link zur Villa Ichon<\/a><\/p>\n<p>&nbsp;<br \/>\n<img loading=\"lazy\" class=\"alignnone size-full wp-image-1648\" src=\"http:\/\/www.birgitramsauer.net\/mbr\/wp-content\/uploads\/sptember11th-birgit-ramsauer.jpg\" alt=\"\" width=\"561\" height=\"374\"><\/p>\n<p>&nbsp;<br \/>\n\u201eF\u00fcr mich beginnt mit dem Sturz der T\u00fcrme in meiner Wahlheimat New York eine neue Zeitrechnung. Der Krieg gegen die Zivilisation mitten in einer Metropole hat mein Selbstverst\u00e4ndnis als Kind einer langen Friedenszeit ver\u00e4ndert. Im Titel der Ausstellung stelle ich mir die Frage: \u201e\u2026.after\u2026after\u2026\u201c wo stehen wir heute? Ist der Krieg mitten in unserer Gesellschaft wieder angekommen?\u201c (Birgit Ramsauer)<br \/>\n&nbsp;<br \/>\nThere is a blank in<br \/>\nMy mind like a cut<br \/>\nIn a lense. \u2013<br \/>\nThere are two<br \/>\nCenters<br \/>\nFacing each other. \u2013<br \/>\nThere is a restless<br \/>\nEnergy<br \/>\nExploding to all sides. \u2013<br \/>\nSince then<br \/>\n&nbsp;<\/p>\n\n\n\n\n\n<h1>\u2013\u2013\u2013\u2013<\/h1>\n\n\n<p>&nbsp;<\/p>\n<h1><strong>Venice Biennale<\/strong><\/h1>\n<h4>&nbsp;<\/h4>\n<h4>6. bis 12. Mai 2024<\/h4>\n<p>&nbsp;<\/p>\n<h1><strong>Performance &#8220;Gallery Overcoat&#8221; und Ausstellung<\/strong><\/h1>\n<h4>&nbsp;<\/h4>\n<p>In der Galerie La Storta Exhibition Space Venice &#8211; Venezia Contemporanea Association<br \/>\nzusammen mit der Berliner K\u00fcnstlerin Isabel Pauer.<br \/>\n<a href=\"http:\/\/www.veneziacontemporanea.com\/\" target=\"_blank\" rel=\"noopener\">La Storta<\/a><br \/>\nMeine \u00f6ffentliche Performance &#8220;Gallery Overcoat&#8221; wird jeden Tag 6 Stunden lang an verschiedenen Orten stattfinden. Die Informationen zu den Auff\u00fchrungsorten werden am Fenster der Galerie ausgeh\u00e4ngt.<\/p>\n<p>&nbsp;<br \/>\n<img loading=\"lazy\" class=\"alignnone size-full wp-image-1648\" src=\"http:\/\/www.birgitramsauer.net\/mbr\/wp-content\/uploads\/Birgit-Ramsauer-gallery-overcoat-venice2024.jpg\" alt=\"\" width=\"561\" height=\"374\"><\/p>\n<p>&nbsp;<\/p>\n\n\n\n\n\n<h1>\u2013\u2013\u2013\u2013<\/h1>\n\n\n\n<div class=\"wp-container-1 wp-block-group\"><div class=\"wp-block-group__inner-container\"><p>&nbsp;<\/p>\n<h1><strong>Video der Ausstellungser\u00f6ffnung<\/strong><\/h1>\n<h4>&nbsp;<\/h4>\n<h4>&#8220;Paula in Paris&#8221;, Ratingen 2023<\/h4>\n<p>&nbsp;<\/p>\n<p><iframe loading=\"lazy\" width=\"560\" height=\"315\" src=\"https:\/\/www.youtube.com\/embed\/eSiOaEswvyI\" title=\"YouTube video player\" frameborder=\"0\" allow=\"accelerometer; autoplay; clipboard-write; encrypted-media; gyroscope; picture-in-picture; web-share\" allowfullscreen=\"\"><\/iframe><\/p>\n<p>&nbsp;<\/p>\n\n\n<\/div><\/div>\n\n\n\n<h1>\u2013\u2013\u2013\u2013<\/h1>\n\n\n\n<div class=\"wp-container-2 wp-block-group\"><div class=\"wp-block-group__inner-container\"><p>&nbsp;<\/p>\n<h1><strong>&#8220;Paula in Paris&#8221;<\/strong><\/h1>\n<h4>&nbsp;<\/h4>\n<h4>5. M\u00e4rz bis 30. April 2023<\/h4>\n<p>&nbsp;<\/p>\n<h1><strong>Er\u00f6ffnung am Sonntag 05. M\u00e4rz 2023 von 12 &#8211; 14 Uhr.<\/strong><\/h1>\n<h4>&nbsp;<\/h4>\n<p>Zur Vernissage spielen live <a href=\"http:\/\/www.tonsson.de\" target=\"_blank\" rel=\"noopener\">TONSSON<\/a>.<br \/>\nZur Ausstellung gibt es das Buch \u201eMit Paula in Paris\u201c im Kellner Verlag.<br \/>\nAktuelle Infos: <a href=\"http:\/\/www.birgitramsauer.net\" target=\"_blank\" rel=\"noopener\">Birgit Ramsauer<\/a>, <a href=\"http:\/\/www.kellnerverlag.de\/mit-paula-in-paris.html\" target=\"_blank\" rel=\"noopener\">kellnerverlag<\/a> und <a href=\"http:\/\/www.kuenstlerloge.com\" target=\"_blank\" rel=\"noopener\">kuenstlerloge<\/a><\/p>\n<p>Ku\u0308nstlerloge, Calor-Emag-Str. 7, 40878 Ratingen<br \/>\nDie Ku\u0308nstlerloge ist jederzeit von au\u00dfen einsehbar.<br \/>\nDie Lichtk\u00e4sten leuchten auch nachts.<\/p>\n<p>&nbsp;<br \/>\n<img loading=\"lazy\" class=\"alignnone size-full wp-image-1648\" src=\"http:\/\/www.birgitramsauer.net\/mbr\/wp-content\/uploads\/Birgit-K-Loge-23.png\" alt=\"\" width=\"645\" height=\"484\"><\/p>\n<p>&nbsp;<\/p>\n\n\n<\/div><\/div>\n\n\n\n<h1>\u2013\u2013\u2013\u2013<\/h1>\n\n\n\n<div class=\"wp-container-3 wp-block-group\"><div class=\"wp-block-group__inner-container\"><p>&nbsp;<\/p>\n<h1><strong>&#8220;unendlich sch\u00f6n&#8221;<\/strong><\/h1>\n<h4>&nbsp;<\/h4>\n<h4>1. Mai\u201330. September 2022<\/h4>\n<p>&nbsp;<\/p>\n<p>Meine Installation \u201e<strong>Nicht m\u00fcde werden\u201c <\/strong>ist <strong>eine orts-\u00fcbergreifende Arbeit<\/strong>, die in einer Sound- und Porzellaninstallation alle sechs ausgesuchten, besonderen Friedh\u00f6fe in Bayern verbindend bespielen wird.<\/p>\n<p>&nbsp;<\/p>\n<p><img loading=\"lazy\" class=\"alignnone size-full wp-image-1648\" src=\"http:\/\/www.birgitramsauer.net\/mbr\/wp-content\/uploads\/pfauenhaus-quer-nah-web.jpg\" alt=\"\" width=\"645\" height=\"484\" srcset=\"http:\/\/www.birgitramsauer.net\/mbr\/wp-content\/uploads\/pfauenhaus-quer-nah-web.jpg 645w, http:\/\/www.birgitramsauer.net\/mbr\/wp-content\/uploads\/pfauenhaus-quer-nah-web-300x225.jpg 300w\" sizes=\"(max-width: 645px) 100vw, 645px\" \/><\/p>\n<p>&nbsp;<\/p>\n<h4>Vernissagen<\/h4>\n<p>&nbsp;<\/p>\n<p>Die Er\u00f6ffnungsveranstaltungen mit den Regionalbisch\u00f6finnen und -bisch\u00f6fen finden an den sechs Ausstellungsorten an diesen Terminen statt:<\/p>\n<p>Bayreuth: Sonntag, <strong>1. Mai<\/strong>, 19 Uhr<br \/>\nAnsbach: Freitag, <strong>6. Mai<\/strong>, 17 Uhr<br \/>\nOberallershausen: Samstag, <strong>7. Mai<\/strong>, 11 Uhr<br \/>\nRegensburg: Dienstag, <strong>10. Mai<\/strong>, 17 Uhr<br \/>\nAugsburg: Mittwoch, <strong>11. Mai,<\/strong> 18 Uhr<br \/>\nN\u00fcrnberg: Mittwoch, <strong>11. Mai<\/strong>, 19 Uhr<\/p>\n\n\n<\/div><\/div>\n\n\n\n<h1>\u2013\u2013\u2013\u2013<\/h1>\n\n\n\n<div class=\"wp-container-4 wp-block-group\"><div class=\"wp-block-group__inner-container\"><p>&nbsp;<\/p>\n<h1><strong>&#8220;Mit Paula in Paris&#8221;<\/strong><\/h1>\n<p>&nbsp;<\/p>\n<h4>19. Juni -14. August 2022<\/h4>\n<p>&nbsp;<\/p>\n<p>Duratrans in Alulichtk\u00e4sten + Klebebandinstallation<br \/>\n<strong>Vernissage<\/strong><br \/>\n19. Juni, mit Live-Musik von <strong>Tonsson<\/strong> <a href=\"https:\/\/tonsson.de\/\" target=\"_blank\" rel=\"noopener\">https:\/\/tonsson.de\/<\/a><\/p>\n<p><strong>K\u00fcnstlerloge<\/strong> Ratingen<br \/>\nWilhelmring \/ Calor-Emag-Strasse, 40878 Ratingen<\/p>\n<p><a href=\"http:\/\/www.kuenstlerloge.com\/kontakt.html\" target=\"_blank\" rel=\"noopener\">http:\/\/www.kuenstlerloge.com\/kontakt.html<\/a><\/p>\n<p>&nbsp;<\/p>\n<p><img loading=\"lazy\" class=\"alignnone size-full wp-image-1646\" src=\"http:\/\/www.birgitramsauer.net\/mbr\/wp-content\/uploads\/Gaukler-Web.jpg\" alt=\"\" width=\"645\" height=\"795\" srcset=\"http:\/\/www.birgitramsauer.net\/mbr\/wp-content\/uploads\/Gaukler-Web.jpg 645w, http:\/\/www.birgitramsauer.net\/mbr\/wp-content\/uploads\/Gaukler-Web-300x370.jpg 300w, http:\/\/www.birgitramsauer.net\/mbr\/wp-content\/uploads\/Gaukler-Web-398x490.jpg 398w\" sizes=\"(max-width: 645px) 100vw, 645px\" \/><\/p>\n<p>&nbsp;<\/p>\n<p><a href=\"https:\/\/www.kellnerverlag.de\/mit-paula-in-paris.html\" target=\"_blank\" rel=\"noopener\">https:\/\/www.kellnerverlag.de\/mit-paula-in-paris.html<\/a><\/p>\n<p>&nbsp;<\/p>\n\n\n<\/div><\/div>\n\n\n\n<h1>\u2013\u2013\u2013\u2013<\/h1>\n\n\n\n<div class=\"wp-container-5 wp-block-group\"><div class=\"wp-block-group__inner-container\"><p>&nbsp;<\/p>\n<h1><strong>Tape Art Convention<\/strong><\/h1>\n<h4>&nbsp;<\/h4>\n<h4>Berlin, 7.-21. Mai 2022<\/h4>\n<p>&nbsp;<\/p>\n<p>live-Performance Er\u00f6ffnung und Installation <strong>&#8220;People Drawing&#8221;<\/strong>, Birgit Ramsauer.<br \/>\n<strong>&#8220;spinet, an experiment on total art work&#8221;<\/strong> mit Matthias Schwabe und Freunde, Exploratorium Berlin<\/p>\n<p><a href=\"https:\/\/www.youtube.com\/watch?v=EcBGrq4mn6A\" target=\"_blank\" rel=\"noopener\">https:\/\/www.youtube.com\/watch?v=EcBGrq4mn6A<\/a><\/p>\n<p><a href=\"https:\/\/www.tapeartconvention.com\/\" target=\"_blank\" rel=\"noopener\">https:\/\/www.tapeartconvention.com\/<\/a><\/p>\n<p>&nbsp;<\/p>\n<p><img loading=\"lazy\" class=\"alignnone size-full wp-image-1650\" src=\"http:\/\/www.birgitramsauer.net\/mbr\/wp-content\/uploads\/spinettkorrigiert-web.jpg\" alt=\"\" width=\"645\" height=\"461\" srcset=\"http:\/\/www.birgitramsauer.net\/mbr\/wp-content\/uploads\/spinettkorrigiert-web.jpg 645w, http:\/\/www.birgitramsauer.net\/mbr\/wp-content\/uploads\/spinettkorrigiert-web-300x214.jpg 300w, http:\/\/www.birgitramsauer.net\/mbr\/wp-content\/uploads\/spinettkorrigiert-web-100x70.jpg 100w\" sizes=\"(max-width: 645px) 100vw, 645px\" \/><\/p>\n<p>&nbsp;<\/p>\n\n\n<\/div><\/div>\n\n\n\n<h1>\u2013\u2013\u2013\u2013<\/h1>\n\n\n\n<div class=\"wp-container-6 wp-block-group\"><div class=\"wp-block-group__inner-container\"><p>&nbsp;<\/p>\n<h1><strong>K\u00fcnstlerin der Metropolregion <\/strong><\/h1>\n<h4>&nbsp;<\/h4>\n<h4>N\u00fcrnberg, Februar 2022<\/h4>\n<p>&nbsp;<\/p>\n<p><a href=\"https:\/\/www.metropolregionnuernberg.de\/projekte\/laufende-projekte\/kuenstlerinnen-der-metropolregion-nuernberg\/birgit-ramsauer\" target=\"_blank\" rel=\"noopener\">https:\/\/www.metropolregionnuernberg.de\/projekte\/laufende-projekte\/kuenstlerinnen-der-metropolregion-nuernberg\/birgit-ramsauer<\/a><\/p>\n<p>&nbsp;<\/p>\n<p><img loading=\"lazy\" class=\"alignnone size-full wp-image-1647\" src=\"http:\/\/www.birgitramsauer.net\/mbr\/wp-content\/uploads\/nymphenburg-web..jpg\" alt=\"\" width=\"645\" height=\"527\" srcset=\"http:\/\/www.birgitramsauer.net\/mbr\/wp-content\/uploads\/nymphenburg-web..jpg 645w, http:\/\/www.birgitramsauer.net\/mbr\/wp-content\/uploads\/nymphenburg-web.-300x245.jpg 300w, http:\/\/www.birgitramsauer.net\/mbr\/wp-content\/uploads\/nymphenburg-web.-600x490.jpg 600w\" sizes=\"(max-width: 645px) 100vw, 645px\" \/><\/p>\n<p>&nbsp;<\/p>\n\n\n<\/div><\/div>\n","protected":false},"excerpt":{"rendered":"<p>Aktuelle Termine und Neuigkeiten \u2013\u2013\u2013\u2013 \u2013\u2013\u2013\u2013 \u2013\u2013\u2013\u2013 \u2013\u2013\u2013\u2013 \u2013\u2013\u2013\u2013 \u2013\u2013\u2013\u2013 \u2013\u2013\u2013\u2013<\/p>\n","protected":false},"author":1,"featured_media":0,"parent":0,"menu_order":5,"comment_status":"closed","ping_status":"closed","template":"news.php","meta":{"ngg_post_thumbnail":0,"_links_to":"","_links_to_target":""},"_links":{"self":[{"href":"http:\/\/www.birgitramsauer.net\/mbr\/wp-json\/wp\/v2\/pages\/116"}],"collection":[{"href":"http:\/\/www.birgitramsauer.net\/mbr\/wp-json\/wp\/v2\/pages"}],"about":[{"href":"http:\/\/www.birgitramsauer.net\/mbr\/wp-json\/wp\/v2\/types\/page"}],"author":[{"embeddable":true,"href":"http:\/\/www.birgitramsauer.net\/mbr\/wp-json\/wp\/v2\/users\/1"}],"replies":[{"embeddable":true,"href":"http:\/\/www.birgitramsauer.net\/mbr\/wp-json\/wp\/v2\/comments?post=116"}],"version-history":[{"count":160,"href":"http:\/\/www.birgitramsauer.net\/mbr\/wp-json\/wp\/v2\/pages\/116\/revisions"}],"predecessor-version":[{"id":1740,"href":"http:\/\/www.birgitramsauer.net\/mbr\/wp-json\/wp\/v2\/pages\/116\/revisions\/1740"}],"wp:attachment":[{"href":"http:\/\/www.birgitramsauer.net\/mbr\/wp-json\/wp\/v2\/media?parent=116"}],"curies":[{"name":"wp","href":"https:\/\/api.w.org\/{rel}","templated":true}]}}