{"id":1021,"date":"2018-01-02T15:25:32","date_gmt":"2018-01-02T14:25:32","guid":{"rendered":"http:\/\/www.birgitramsauer.net\/mbr\/?page_id=1021"},"modified":"2018-01-02T15:33:15","modified_gmt":"2018-01-02T14:33:15","slug":"paula-in-my-mind","status":"publish","type":"page","link":"http:\/\/www.birgitramsauer.net\/mbr\/art\/malerei\/paula-in-my-mind\/","title":{"rendered":"Paula in my mind"},"content":{"rendered":"<h4>Paula in my mind<\/h4>\n<p>&nbsp;<\/p>\n<p>Michael Steinberg Gallery NYC, <a href=\"http:\/\/www.staedtischegalerie-bremen.de\/archiv\/archiv-2007\/himmelssuechtig-bramsauerasinn.html\" target=\"_blank\" rel=\"noopener\">St\u00e4dtische Galerie Bremen<\/a> Frauenmuseum Bonn, Galeriehaus Nord N\u00fcrnberg, Gallery Artthies M\u00fcnchen, <a href=\"http:\/\/www.berlinartscouts.de\/birgit_ramsauer.html\" target=\"_blank\" rel=\"noopener\">Berlin Artscouts<\/a><\/p>\n<p><a href=\"http:\/\/wp.birgitramsauer.net\/paula-in-my-mind\/\" target=\"_blank\" rel=\"noopener\"><img loading=\"lazy\" class=\"alignnone size-full wp-image-1022\" src=\"http:\/\/www.birgitramsauer.net\/mbr\/wp-content\/uploads\/Paula.jpg\" alt=\"\" width=\"290\" height=\"351\"><\/a><\/p>\n<p><a href=\"http:\/\/wp.birgitramsauer.net\/paula-in-my-mind\/\" target=\"_blank\" rel=\"noopener\">weiter&#8230;<\/a><\/p>\n","protected":false},"excerpt":{"rendered":"<p>Paula in my mind &nbsp; Michael Steinberg Gallery NYC, St\u00e4dtische Galerie Bremen Frauenmuseum Bonn, Galeriehaus Nord N\u00fcrnberg, Gallery Artthies M\u00fcnchen, Berlin Artscouts weiter&#8230;<\/p>\n","protected":false},"author":2,"featured_media":0,"parent":229,"menu_order":500,"comment_status":"closed","ping_status":"closed","template":"text-mitte.php","meta":{"ngg_post_thumbnail":0,"_links_to":"","_links_to_target":""},"_links":{"self":[{"href":"http:\/\/www.birgitramsauer.net\/mbr\/wp-json\/wp\/v2\/pages\/1021"}],"collection":[{"href":"http:\/\/www.birgitramsauer.net\/mbr\/wp-json\/wp\/v2\/pages"}],"about":[{"href":"http:\/\/www.birgitramsauer.net\/mbr\/wp-json\/wp\/v2\/types\/page"}],"author":[{"embeddable":true,"href":"http:\/\/www.birgitramsauer.net\/mbr\/wp-json\/wp\/v2\/users\/2"}],"replies":[{"embeddable":true,"href":"http:\/\/www.birgitramsauer.net\/mbr\/wp-json\/wp\/v2\/comments?post=1021"}],"version-history":[{"count":7,"href":"http:\/\/www.birgitramsauer.net\/mbr\/wp-json\/wp\/v2\/pages\/1021\/revisions"}],"predecessor-version":[{"id":1029,"href":"http:\/\/www.birgitramsauer.net\/mbr\/wp-json\/wp\/v2\/pages\/1021\/revisions\/1029"}],"up":[{"embeddable":true,"href":"http:\/\/www.birgitramsauer.net\/mbr\/wp-json\/wp\/v2\/pages\/229"}],"wp:attachment":[{"href":"http:\/\/www.birgitramsauer.net\/mbr\/wp-json\/wp\/v2\/media?parent=1021"}],"curies":[{"name":"wp","href":"https:\/\/api.w.org\/{rel}","templated":true}]}}